50581?
False
Is 116 a factor of 39365?
False
Does 194 divide 21525?
False
Is 65 a factor of 190?
False
Does 45 divide 225?
True
Is 3 a factor of 57?
True
Is 44 a factor of 2024?
True
Is 49 a factor of 16418?
False
Is 6911 a multiple of 2?
False
Does 7 divide 553?
True
Does 59 divide 1770?
True
Is 371 a factor of 78297?
False
Is 9 a factor of 621?
True
Is 149 a factor of 33972?
True
Is 5835 a multiple of 5?
True
Is 990 a multiple of 33?
True
Is 38 a factor of 4585?
False
Does 202 divide 7924?
False
Does 10 divide 9693?
False
Is 213 a factor of 25999?
False
Does 79 divide 31768?
False
Is 13 a factor of 441?
False
Is 56 a factor of 76216?
True
Is 5 a factor of 440?
True
Does 2 divide 70?
True
Is 35 a factor of 9124?
False
Does 17 divide 693?
False
Does 15 divide 1184?
False
Is 64 a factor of 57792?
True
Does 42 divide 5520?
False
Does 7 divide 1239?
True
Does 68 divide 10239?
False
Is 4124 a multiple of 31?
False
Is 128 a multiple of 26?
False
Does 221 divide 30056?
True
Is 2631 a multiple of 2?
False
Is 2 a factor of 447?
False
Is 378 a multiple of 63?
True
Is 28 a factor of 257?
False
Is 15 a factor of 531?
False
Is 37385 a multiple of 32?
False
Is 71 a factor of 5644?
False
Does 64 divide 8739?
False
Does 94 divide 20691?
False
Is 2024 a multiple of 10?
False
Is 218 a factor of 3937?
False
Is 2 a factor of 977?
False
Is 5766 a multiple of 7?
False
Is 601 a multiple of 3?
False
Is 9696 a multiple of 303?
True
Does 64 divide 15807?
False
Does 9 divide 3104?
False
Is 494 a factor of 83505?
False
Is 79389 a multiple of 212?
False
Does 20 divide 31092?
False
Is 47 a factor of 1034?
True
Does 54 divide 8910?
True
Is 22341 a multiple of 166?
False
Does 19 divide 1044?
False
Does 3 divide 552?
True
Is 902 a multiple of 7?
False
Does 91 divide 637?
True
Does 37 divide 592?
True
Is 36 a factor of 4824?
True
Is 5 a factor of 827?
False
Does 89 divide 2638?
False
Is 1040 a multiple of 10?
True
Does 23 divide 51106?
True
Does 98 divide 3804?
False
Is 569 a multiple of 27?
False
Does 9 divide 159?
False
Is 103 a multiple of 7?
False
Does 152 divide 7768?
False
Is 8372 a multiple of 17?
False
Is 43 a factor of 1485?
False
Does 9 divide 162?
True
Is 10709 a multiple of 25?
False
Is 1057 a multiple of 3?
False
Does 2 divide 2039?
False
Is 88815 a multiple of 96?
False
Is 31 a factor of 1209?
True
Does 10 divide 1540?
True
Does 30 divide 390?
True
Is 6617 a multiple of 31?
False
Does 65 divide 390?
True
Is 7416 a multiple of 18?
True
Does 2 divide 6923?
False
Is 4392 a multiple of 183?
True
Does 57 divide 8664?
True
Does 30 divide 375?
False
Does 12 divide 852?
True
Does 25 divide 580?
False
Does 15 divide 945?
True
Is 518 a multiple of 9?
False
Is 20 a factor of 3093?
False
Is 400 a multiple of 2?
True
Is 25201 a multiple of 56?
False
Does 18 divide 493?
False
Does 49 divide 4557?
True
Is 74 a factor of 3404?
True
Is 438 a multiple of 6?
True
Is 606 a multiple of 14?
False
Does 5 divide 1350?
True
Is 16056 a multiple of 10?
False
Is 44 a factor of 1188?
True
Does 76 divide 836?
True
Does 57 divide 114?
True
Is 9226 a multiple of 7?
True
Is 7 a factor of 22800?
False
Is 865 a multiple of 28?
False
Does 27 divide 702?
True
Is 1065 a multiple of 31?
False
Does 20 divide 128?
False
Is 7 a factor of 3098?
False
Is 2 a factor of 418?
True
Is 57 a factor of 171?
True
Does 4 divide 3221?
False
Is 23 a factor of 61732?
True
Is 1512 a multiple of 9?
True
Is 2079 a multiple of 20?
False
Is 90 a factor of 810?
True
Is 16422 a multiple of 102?
True
Is 29 a factor of 135778?
True
Is 726 a multiple of 14?
False
Is 145 a multiple of 12?
False
Is 4812 a multiple of 4?
True
Is 23790 a multiple of 183?
True
Is 362 a multiple of 3?
False
Is 1414 a multiple of 7?
True
Is 6 a factor of 201?
False
Does 13 divide 494?
True
Does 6 divide 17465?
False
Is 693 a multiple of 20?
False
Does 85 divide 2064?
False
Is 6 a factor of 290?
False
Does 66 divide 2376?
True
Is 924 a multiple of 21?
True
Does 32 divide 5017?
False
Is 919 a multiple of 34?
False
Is 2666 a multiple of 11?
False
Does 32 divide 2944?
True
Is 7903 a multiple of 11?
False
Does 12 divide 16296?
True
Does 59 divide 771?
False
Does 19 divide 80880?
False
Is 342 a multiple of 48?
False
Does 5 divide 5492?
False
Is 96 a factor of 8328?
False
Does 45 divide 30543?
False
Is 77 a factor of 29106?
True
Is 41 a factor of 53013?
True
Is 33 a factor of 1561?
False
Does 150 divide 23250?
True
Is 1122 a multiple of 3?
True
Is 5168 a multiple of 68?
True
Does 35 divide 5215?
True
Does 20 divide 419?
False
Is 4335 a multiple of 17?
True
Is 5 a factor of 3195?
True
Is 4774 a multiple of 31?
True
Is 1900 a multiple of 25?
True
Does 18 divide 24618?
False
Does 16 divide 25022?
False
Does 99 divide 33154?
False
Is 307 a factor of 45952?
False
Is 8505 a multiple of 15?
True
Is 12 a factor of 168?
True
Does 9 divide 2943?
True
Is 71882 a multiple of 283?
True
Is 1417 a multiple of 33?
False
Is 330 a multiple of 5?
True
Does 40 divide 480?
True
Is 861 a multiple of 41?
True
Does 17 divide 595?
True
Does 8 divide 27496?
True
Does 11 divide 363?
True
Does 18 divide 3960?
True
Does 50 divide 646?
False
Is 10 a factor of 30320?
True
Does 2 divide 161?
False
Is 6889 a multiple of 83?
True
Does 6 divide 11526?
True
Is 9597 a multiple of 8?
False
Is 23 a factor of 4416?
True
Is 42 a multiple of 14?
True
Is 111 even?
False
Is 6 a factor of 282?
True
Is 104 a factor of 1352?
True
Is 4170 a multiple of 20?
False
Is 14400 a multiple of 6?
True
Is 630 a multiple of 21?
True
Is 140 a multiple of 35?
True
Does 15 divide 5625?
True
Is 80 a factor of 1232?
False
Is 160 a factor of 4329?
False
Does 13 divide 263?
False
Is 1341 a multiple of 8?
False
Is 8428 a multiple of 86?
True
Is 5 a factor of 245?
True
Is 21397 a multiple of 13?
False
Is 37 a factor of 110741?
True
Is 95 a factor of 118?
False
Is 34 a factor of 680?
True
Does 25 divide 20950?
True
Is 7605 a multiple of 87?
False
Is 920 a multiple of 46?
True
Is 24 a factor of 192?
True
Is 4 a factor of 22640?
True
Is 7378 a multiple of 20?
False
Does 8 divide 224?
True
Does 12 divide 3048?
True
Does 17 divide 14107?
False
Is 2712 a multiple of 113?
True
Is 804 a multiple of 64?
False
Is 162 a multiple of 6?
True
Does 25 divide 50?
True
Does 7 divide 17437?
True
Does 5 divide 35065?
True
Is 1593 a multiple of 4?
False
Is 9334 a multiple of 177?
False
Is 56672 a multiple of 322?
True
Does 57 divide 1311?
True
Is 200 even?
True
Does 2 divide 13302?
True
Does 33 divide 990?
True
Is 3968 a multiple of 31?
True
Does 17 divide 1768?
True
Is 13960 a multiple of 40?
True
Is 960 a multiple of 30?
True
Is 22 a factor of 3269?
False
Is 1938 a multiple of 17?
True
Is 3 a factor of 3783?
True
Is 1725 a multiple of 15?
True
Does 45 divide 29700?
True
Does 37 divide 607?
False
Does 5 divide 3833?
False
Is 33 a factor of 18348?
True
Is 2306 a multiple of 27?
False
Is 900 a multiple of 30?
True
Does 9 divide 270?
True
Does 11 divide 7347?
False
Is 9144 a multiple of 6?
True
Is 25774 a multiple of 197?
False
Does 14 divide 364?
True
Is 37 a factor of 11082?
False
Is 1610 a multiple of 2?
True
Does 94 divide 5452?
True
Does 4 divide 392?
True
Is 12 a factor of 792?
True
Does 19 divide 139823?
False
Is 27361 a multiple of 14?
False
Is 3344 a multiple of 9?
False
Is 28 a factor of 67900?
True
Is 7 a factor of 7606?
False
Is 71 a factor of 639?
True
Does 14 divide 25928?
True
Does 12 divide 2113?
False
Is 90 a multiple of 30?
True
Is 13 a factor of 347?
False
Does 36 divide 115?
False
Is 3920 a multiple of 112?
True
Is 61 a factor of 10939?
False
Is 51 a factor of 918?
True
Is 128 a multiple of 2?
True
Does 11 divide 1697?
False
Is 28 a factor of 16296?
True
Does 97 divide 2622?
False
Does 2 divide 445?
False
Does 63 divide 6111?
True
Is 34 a factor of 9384?
True
Is 408 a multiple of 6?
True
Is 6 a factor of 2259?
False
Does 13 divide 31315?
False
Does 11 divide 407?
True
Is 5550 a multiple of 9?
False
Is 2254 a multiple of 14?
True
Is 15 a factor of 282?
False
Does 192 divide 9227?
False
Is 34 a factor of 27370?
True
Does 14 divide 2828?
True
Is 811 a multiple of 3?
False
Is 190 a multiple of 11?
False
Is 21 a factor of 6982?
False
Is 6 a factor of 3021?
False
Is 9 a factor of 13500?
True
Is 179 a multiple of 28?
False
Is 4